37 a factor of 61690100?
True
Is 31367399 a multiple of 17?
False
Is 651748203 a multiple of 16?
False
Is 1739 a factor of 43074603?
False
Is 340593720 a multiple of 20?
True
Does 2111 divide 15684005?
False
Is 604436712 a multiple of 982?
True
Does 1867 divide 1951217852?
False
Does 353 divide 81690554?
True
Is 29 a factor of 621605431?
False
Is 27 a factor of 57340194?
False
Is 6011714 a multiple of 563?
True
Is 992539674 a multiple of 11223?
True
Is 39677397 a multiple of 27?
False
Does 6558 divide 242173824?
True
Does 665 divide 11062026?
False
Is 45225400 a multiple of 440?
True
Is 138683343 a multiple of 3?
True
Is 71 a factor of 462423?
True
Is 30 a factor of 119518201?
False
Is 8896994 a multiple of 175?
False
Is 1876271998 a multiple of 155?
False
Is 1043478026 a multiple of 162?
False
Is 440564594 a multiple of 82?
False
Is 2857 a factor of 40875099?
True
Is 20 a factor of 2327898630?
False
Is 9630225 a multiple of 225?
True
Does 649 divide 175991926?
True
Does 3683 divide 130566033?
True
Is 169371925 a multiple of 515?
False
Does 12 divide 667964458?
False
Is 134 a factor of 2542184?
False
Is 9 a factor of 688523594?
False
Is 557 a factor of 256111385?
True
Is 11305536 a multiple of 3?
True
Does 1900 divide 32927000?
True
Does 11 divide 3101120?
True
Is 57 a factor of 1076889372?
True
Does 243 divide 117145683?
True
Does 377 divide 26072920?
False
Is 7 a factor of 1442917?
True
Is 39145641 a multiple of 13?
False
Is 56912864 a multiple of 47?
True
Is 2736 a factor of 254614896?
True
Is 5610332316 a multiple of 15?
False
Is 1327 a factor of 545963011?
False
Does 70 divide 659890?
True
Is 84585186 a multiple of 63?
True
Does 7782 divide 210285204?
True
Does 146 divide 30700155?
False
Is 1959291 a multiple of 4?
False
Does 43 divide 199248740?
False
Is 39488348 a multiple of 10333?
False
Is 7 a factor of 945733362?
True
Does 1879 divide 9665576?
True
Is 262307946 a multiple of 914?
True
Is 66708648 a multiple of 23?
True
Is 268 a factor of 242808?
True
Is 674553194 a multiple of 266?
False
Is 312496002 a multiple of 114?
True
Does 860 divide 256611302?
False
Is 98926 a multiple of 12?
False
Is 24 a factor of 149820806?
False
Is 411 a factor of 1620562700?
False
Does 904 divide 27985943?
False
Is 12921234 a multiple of 1094?
True
Is 617 a factor of 123259324?
True
Is 183 a factor of 25683420?
False
Does 5 divide 5225745?
True
Does 60 divide 876079?
False
Does 6110 divide 760986408?
False
Does 117 divide 49344871?
False
Does 318 divide 2718167328?
True
Is 119660597 a multiple of 18?
False
Is 16 a factor of 122239152?
True
Is 9 a factor of 14348439?
True
Does 6329 divide 1038380043?
True
Is 44738322 a multiple of 51?
True
Is 471 a factor of 1461364055?
False
Is 10 a factor of 5702345?
False
Is 3929701 a multiple of 24?
False
Does 2053 divide 744308991?
True
Is 259 a factor of 96337908?
False
Does 346 divide 1908010070?
False
Is 83 a factor of 16559247?
True
Is 24099294 a multiple of 1332?
False
Is 25853311 a multiple of 391?
True
Is 721482903 a multiple of 2367?
True
Does 32 divide 53400929?
False
Is 792610629 a multiple of 29?
True
Is 3098741161 a multiple of 13?
False
Is 2561235727 a multiple of 4141?
False
Does 18 divide 1252084800?
False
Is 2032668275 a multiple of 1025?
True
Is 24225203 a multiple of 7?
False
Is 62 a factor of 1804796887?
False
Does 2 divide 670615502?
True
Is 7 a factor of 951510?
True
Does 172 divide 268265381?
False
Is 64 a factor of 110656?
True
Is 263082912 a multiple of 2541?
False
Is 33060880 a multiple of 2?
True
Is 59610981 a multiple of 10?
False
Is 6 a factor of 8430856?
False
Is 18 a factor of 33958224?
True
Is 33658160 a multiple of 148?
True
Is 67 a factor of 45251405?
False
Is 89 a factor of 138346762?
True
Is 27 a factor of 73839606?
False
Does 27 divide 4483959324?
False
Is 137 a factor of 584028671?
True
Does 2096 divide 46906384?
True
Is 14121927 a multiple of 3?
True
Is 110942545 a multiple of 569?
False
Does 4 divide 105273988?
True
Is 37 a factor of 65629749?
True
Is 991161108 a multiple of 36?
True
Does 114 divide 26802547?
False
Does 106 divide 143358428?
True
Does 2964 divide 3182855832?
True
Is 1635454080 a multiple of 1664?
True
Is 393475836 a multiple of 156?
True
Is 64 a factor of 3115264?
True
Is 23521314 a multiple of 1738?
False
Is 3807524 a multiple of 228?
False
Does 300 divide 11874144?
False
Is 2304 a factor of 87982848?
True
Does 175 divide 6425324?
False
Does 28 divide 41135330?
False
Is 7941826 a multiple of 82?
False
Does 77 divide 13948209?
False
Does 5 divide 29130800?
True
Is 135043920 a multiple of 51?
True
Is 24 a factor of 45089989?
False
Is 160 a factor of 139886080?
True
Is 13546475 a multiple of 26?
False
Is 161308926 a multiple of 34?
False
Is 301499132 a multiple of 849?
False
Is 8735586 a multiple of 3?
True
Is 3695 a factor of 1714793294?
False
Is 12 a factor of 344742259?
False
Does 77 divide 794685122?
True
Is 56 a factor of 25948720?
True
Is 554779689 a multiple of 58?
False
Is 93406040 a multiple of 1742?
True
Is 857405640 a multiple of 140?
True
Is 318172993 a multiple of 1456?
False
Does 23 divide 1589353019?
False
Does 63 divide 881628706?
False
Is 16 a factor of 821357652?
False
Is 105280 a multiple of 278?
False
Is 9442560 a multiple of 768?
True
Is 25 a factor of 10981694?
False
Is 22543381 a multiple of 83?
True
Does 4928 divide 23930368?
True
Does 1627 divide 200997953?
True
Is 170 a factor of 57450114?
False
Does 169 divide 23473780?
False
Does 214 divide 13908761?
False
Does 2217 divide 785221494?
True
Does 102 divide 773665614?
True
Does 756 divide 601776?
True
Does 248 divide 218271992?
True
Is 107 a factor of 1046032?
True
Does 235 divide 405847396?
False
Does 296 divide 131044232?
True
Is 8 a factor of 109425533?
False
Is 4101735589 a multiple of 499?
True
Is 18 a factor of 3959723?
False
Does 52 divide 836462515?
False
Is 278 a factor of 15395640?
True
Does 2586 divide 27234683?
False
Is 6 a factor of 51340242?
True
Is 23 a factor of 59207853?
False
Does 74 divide 1980980?
True
Does 9 divide 41294961?
True
Is 2385 a factor of 520805176?
False
Is 90 a factor of 73147169?
False
Does 117 divide 634895542?
False
Is 677 a factor of 413937210?
False
Does 2700 divide 936508500?
True
Is 14 a factor of 32188492?
True
Is 107 a factor of 10126266?
True
Is 128 a factor of 52532480?
True
Does 26 divide 1691933142?
False
Is 17 a factor of 8776051?
False
Is 1542790 a multiple of 5?
True
Does 35 divide 1800166?
False
Is 24 a factor of 2287786296?
True
Is 2748 a factor of 39645396?
True
Does 51 divide 16686004?
False
Is 31027593 a multiple of 87?
True
Does 92 divide 20435680?
False
Does 16 divide 7190672?
True
Is 38 a factor of 404887112?
True
Does 136 divide 50371816?
True
Is 4203 a factor of 615898891?
False
Is 1109928000 a multiple of 10?
True
Does 14 divide 117661897?
False
Is 70803370 a multiple of 473?
True
Is 48520912 a multiple of 592?
True
Does 15 divide 167694548?
False
Is 8 a factor of 335175512?
True
Does 9 divide 2867076?
True
Is 27 a factor of 318412836?
True
Is 419 a factor of 145323027?
True
Is 99300006 a multiple of 279?
True
Does 70 divide 2926900130?
True
Is 210 a factor of 46803120?
True
Is 139 a factor of 146463316?
False
Is 940 a factor of 3067894920?
True
Is 54 a factor of 15852005?
False
Is 55491930 a multiple of 10?
True
Is 12 a factor of 289022090?
False
Does 9 divide 1138788?
True
Is 6015327362 a multiple of 3739?
False
Is 41860112 a multiple of 98?
True
Does 18 divide 462919000?
False
Is 44820281 a multiple of 517?
True
Is 5939 a factor of 3310608334?
False
Does 211 divide 10462646?
True
Is 168724042 a multiple of 2991?
False
Is 22301877 a multiple of 141?
False
Does 153 divide 211974921?
True
Is 13 a factor of 369368116?
True
Does 35 divide 5527560045?
True
Is 121 a factor of 50351246?
True
Is 3346141959 a multiple of 69?
True
Is 32278824 a multiple of 72?
True
Is 131598840 a multiple of 120?
True
Does 5 divide 5900666?
False
Is 80934880 a multiple of 8?
True
Does 9488 divide 4387336592?
True
Is 1827 a factor of 3018743246?
False
Is 77020710 a multiple of 5021?
False
Does 9 divide 9279350?
False
Is 136514488 a multiple of 4?
True
Is 1698 a factor of 61095313?
False
Does 19 divide 26274658?
False
Does 25 divide 1156081600?
True
Is